{"id":29,"date":"2021-11-08T20:27:41","date_gmt":"2021-11-08T20:27:41","guid":{"rendered":"https:\/\/live-cc4efn.pantheonsite.io\/?post_type=values&#038;p=29"},"modified":"2023-06-08T14:32:44","modified_gmt":"2023-06-08T18:32:44","slug":"centering-experiences-voices","status":"publish","type":"values","link":"https:\/\/childcareforeveryfamily.org\/es\/values\/centering-experiences-voices\/","title":{"rendered":"Honoring Experiences &#038; Voices"},"content":{"rendered":"<p>Creemos en centrar aut\u00e9nticamente las voces y experiencias de las mujeres y comunidades negras, ind\u00edgenas y de color (BIPOC), inmigrantes, ni\u00f1os con discapacidades y aquellos m\u00e1s directamente afectados por las fallas y barreras del actual sistema de cuidado infantil: ambas familias. y proveedores. En nuestro trabajo, buscamos apoyar la participaci\u00f3n a trav\u00e9s del acceso ling\u00fc\u00edstico y apoyo financiero, siempre que sea posible. Sus conocimientos y experiencias vividas dar\u00e1n forma a pol\u00edticas y pr\u00e1cticas m\u00e1s justas y eficaces.<\/p>","protected":false},"featured_media":0,"template":"","acf":[],"_links":{"self":[{"href":"https:\/\/childcareforeveryfamily.org\/es\/wp-json\/wp\/v2\/values\/29"}],"collection":[{"href":"https:\/\/childcareforeveryfamily.org\/es\/wp-json\/wp\/v2\/values"}],"about":[{"href":"https:\/\/childcareforeveryfamily.org\/es\/wp-json\/wp\/v2\/types\/values"}],"wp:attachment":[{"href":"https:\/\/childcareforeveryfamily.org\/es\/wp-json\/wp\/v2\/media?parent=29"}],"curies":[{"name":"wp","href":"https:\/\/api.w.org\/{rel}","templated":true}]}}

<p>Creemos en centrar auténticamente las voces y experiencias de las mujeres y comunidades negras, indígenas y de color (BIPOC), inmigrantes, niños con discapacidades y aquellos más directamente afectados por las fallas y barreras del actual sistema de cuidado infantil: ambas familias. y proveedores. En nuestro trabajo, buscamos apoyar la participación a través del acceso lingüístico y apoyo financiero, siempre que sea posible. Sus conocimientos y experiencias vividas darán forma a políticas y prácticas más justas y eficaces.</p>
